isor of k and 13.
13
Let b be -2*(-3)/(-30) - (-303)/15. Suppose -3*u + b = -7. Calculate the highest common factor of u and 63.
9
Let b be 2/10 + (-595)/(-25). Suppose 3*u = b + 18. Let c be (17 - 10)/(2/36). What is the greatest common factor of c and u?
14
Let c be 1*(-1 + 3) - 45. Let p = 62 + c. Calculate the highest common divisor of 152 and p.
19
Suppose -4*g - 52 = -268. Suppose 5*x = 5*v + 55, 0*v + 19 = -x - 5*v. Calculate the highest common divisor of x and g.
6
Let z = -75 + 66. Let d be (-495)/6*24/z. Calculate the greatest common factor of 20 and d.
20
Let u = -21 + 31. Suppose -90*a + 74*a + 32 = 0. Calculate the greatest common factor of a and u.
2
Suppose 4*v - 313 = 5*y - 4*y, 0 = 3*v - 4*y - 251. Calculate the highest common factor of 7 and v.
7
Suppose -3 + 7 = 2*a. Let q(g) = -3*g**2 + g - 1. Let d be q(a). Let y be (-1 + 0)/1 - d. What is the greatest common factor of y and 2?
2
Suppose -5*a + p + 163 = -48, -5*a + 3*p + 213 = 0. Let f = -104 + 167. Calculate the highest common factor of f and a.
21
Suppose 7*t - 180 = -8*t. Calculate the highest common factor of t and 60.
12
Let k be 331 - (-7 + 7 - -3). Calculate the highest common divisor of k and 41.
41
Suppose -3*d - 5*l + 157 = 0, 2*d - 71 = 4*l + 41. What is the highest common factor of d and 90?
18
Suppose -5152 = -7*f + 1316. What is the greatest common divisor of 28 and f?
28
Suppose z = -5*v + 273, -2*z + 18 = -2*v + 120. Suppose -v = 5*g - 139. Let c = -56 - -107. What is the highest common divisor of c and g?
17
Let g be 5 + 3 - (3 + -1). Let z(x) = 4*x + 4. Let b be z(0). Suppose b*d - h = 18 + 32, 0 = -5*d + 2*h + 64. Calculate the highest common divisor of g and d.
6
Let j be 6/(-4)*2 - -367. Suppose 4*d - j = -3*r, 2*d = 3*d - 4*r - 91. Calculate the greatest common factor of d and 13.
13
Suppose -2*l + 4*o - 4 = 0, -2*o - 3 = 3*l - 13. Suppose z = -l*z. Suppose z = -3*s - 0 + 15. What is the greatest common divisor of 55 and s?
5
Let k(f) = 3*f**2 - 9*f + 2. Let m be k(5). Calculate the highest common factor of 152 and m.
8
Suppose -42*x = -50*x + 80. Calculate the greatest common divisor of 65 and x.
5
Suppose 0 = 5*g + 4*q - 180, -3*q = 2*g - g - 36. Suppose -g = -40*n + 37*n. Calculate the greatest common divisor of 4 and n.
4
Suppose 1430 - 254 = 7*f. Let d = 47 - 26. Calculate the highest common divisor of f and d.
21
Suppose -v = 4*c - 40, -295 = -5*v - 11*c + 10*c. Calculate the highest common factor of v and 24.
12
Suppose -4*p + 3*x + 151 = -0*p, -163 = -4*p - x. What is the highest common divisor of p and 100?
20
Suppose -x = -5*n + 103, 7 = 4*x - 1. Calculate the highest common divisor of n and 63.
21
Let s = 12 + 0. Suppose 5*g = -1 + 11. Suppose -7*x + g*x + 20 = 0. What is the greatest common factor of s and x?
4
Let t(u) = 5*u**2 - 5*u + 62. Let i be t(8). What is the greatest common divisor of 36 and i?
18
Let l(r) = r**2 - 18*r + 1. Let m be l(18). Let f be m + 0 + (-98)/(-7). Calculate the greatest common divisor of 15 and f.
15
Let c(l) = -758*l + 5 - l**2 + 761*l + 5*l**2. Let n be c(-2). Let d = 20 - 17. What is the greatest common divisor of n and d?
3
Let d be -1*44/8*6. Let c be 11/(d/(-108))*2. Calculate the highest common factor of c and 18.
18
Let y(d) = -d**3 - 18*d**2 - 2*d + 7. Let p be y(-18). Let a = -40 + p. Calculate the highest common divisor of a and 12.
3
Let t(w) = -43*w + 2. Let b be t(-1). Let q = -3 + b. Suppose q = 5*g - 3*g. What is the greatest common divisor of g and 3?
3
Let s = 17 - -5. Suppose 4*f + 92 = 5*u + 2*f, -5*u = -5*f - 80. Suppose 0 = -4*c + u + 112. What is the highest common divisor of s and c?
11
Suppose 41 + 7 = 3*v. Let g be (7 - 3) + 1/5*0. Calculate the greatest common factor of g and v.
4
Let c = 47 + -18. What is the highest common factor of 232 and c?
29
Let n be (-1)/((4 + 1)/(-95)). Calculate the highest common factor of n and 76.
19
Let a(b) = -b**3 - 6*b**2 + 39*b - 1. Let j be a(-10). Calculate the highest common factor of j and 342.
9
Let v be 1 + 0 + 70/(-14). Let w be (-20)/(244/368 + 3/v). Let z(y) = -24*y - 1. Let m be z(-1). Calculate the greatest common divisor of w and m.
23
Let z(b) = -2*b**3 - 3*b**2 + 4*b - 1. Let k be z(2). Let f be 1200/42 + (-9)/k. What is the greatest common factor of f and 29?
29
Let n be 240 + 1 + -2 + -1. Suppose 6*s + 237 = 441. Calculate the highest common factor of n and s.
34
Let r be (-15)/6 + 2385/18. What is the highest common factor of r and 10?
10
Let b(v) = v - 4. Let c be b(2). Let t be c/(-14) - (-1698)/21. Calculate the greatest common factor of 9 and t.
9
Let q = -89 + 173. Let o = q - 58. Suppose -1 + 14 = u. Calculate the greatest common factor of o and u.
13
Let h(b) = 98*b**3 - 2*b**2 - b. Let f be h(-1). Let r = f - -165. Suppose g = -2*g + r. Calculate the highest common divisor of g and 2.
2
Let g(i) = -i**3 + 15*i**2 - 25*i + 49. Let z be g(10). What is the highest common factor of 23 and z?
23
Let d(x) = 17*x - 6. Let l be d(8). Let i = l - -157. Calculate the highest common divisor of 41 and i.
41
Let h(n) = 5*n + 313. Let i be h(-38). What is the greatest common divisor of 984 and i?
123
Let x(p) = -p**3 + 14*p**2 - 3*p + 12. Let j be x(12). Suppose -w - j = -3*w. What is the highest common divisor of w and 12?
12
Suppose 0 = -20*d + 23*d - 144. Suppose 0 = -2*n + 4 + 4. Suppose -12 = -n*r + 36. Calculate the highest common factor of d and r.
12
Let k = -2 + 5. Suppose -k*r - 5*c + 305 = 2*r, 5*r - 321 = -c. What is the greatest common divisor of r and 26?
13
Suppose 5*v - 4*l - 17 + 3 = 0, l - 4 = 0. Suppose 2*p + 10 = -v. Let h be (21/(-12))/(1/p). What is the highest common divisor of h and 154?
14
Let t be (-14 + 14)/(0 - (0 - -2)). Let p be (-8)/(t + 2/(-3)). Calculate the greatest common factor of p and 96.
12
Suppose 4*w + 12 = -0*w, w = -2*x + 45. Suppose 5*n - 98 = 2*n + 4*o, 3*o = -n + x. Calculate the highest common factor of 12 and n.
6
Let h = -37 + 34. Let s be h*8/108 - 272/(-9). Let i(x) = -x**2 + 7*x + 6. Let r be i(6). What is the greatest common divisor of r and s?
6
Suppose 2*s - 5*f = 16, 77 = 4*s + 3*f + 19. Calculate the highest common factor of s and 4043.
13
Let m(s) = 2*s**2 - 8*s - 4. Let q(g) = 5*g**2 - 16*g - 9. Let y(a) = -7*m(a) + 3*q(a). Let h be y(-10). What is the greatest common factor of h and 21?
21
Suppose 6 = -5*z - 3*c, 3*z + 7*c = 2*c + 6. Let q be (-55)/((-1)/z*-3). Calculate the highest common divisor of q and 33.
11
Let j be (-192)/(-14) - (-12)/42 - 2. Let q(h) = 24*h. Let t be q(-3). Let m = 102 + t. Calculate the highest common factor of j and m.
6
Suppose 39*x - 40*x + 15 = 0. Let r = 6 - 4. Let w be (-3*r)/(3 - 5). Calculate the highest common factor of w and x.
3
Suppose -6*v = -912 + 30. What is the greatest common factor of 35 and v?
7
Let o = -6 + 22. Let b = o + -14. Let g(v) = v**2 - 2*v + 8. Let d be g(4). What is the highest common factor of b and d?
2
Suppose -13*i = -14*i + 141. Calculate the highest common factor of 188 and i.
47
Suppose -8 = -2*x - g - 0*g, -g + 14 = 3*x. Calculate the highest common factor of x and 24.
6
Let h(u) = -u**2 - 6*u - 4. Let q be (-15)/4 - 4/16. Let s be h(q). Suppose -2*k = r - s - 4, 4*r - 5 = k. Calculate the greatest common divisor of 33 and k.
3
Let y(x) = x**2 + 4*x + 4. Let v be y(-3). Suppose 3*f + 60 = 2*f + d, -3*d = 4*f + 240. Let b = f - -68. What is the greatest common divisor of b and v?
1
Suppose -3*o + 5*j + 102 = 0, 0 = o - 7*j + 3*j - 27. Let l = 55 - o. Calculate the highest common divisor of l and 32.
16
Suppose -2*b + 4*v - 16 = -82, -2*b + 52 = 3*v. What is the highest common factor of 1769 and b?
29
Suppose 5*z - 96 - 4 = 0. Let w(u) = u**3 + 7*u**2 - 38*u - 256. Let s be w(-6). What is the highest common divisor of s and z?
4
Let l(f) = 3*f**2 + 13*f - 5. Let h = 74 - 29. Suppose h = -5*v + 4*y - y, 5*v = -y - 45. Let w be l(v). Calculate the greatest common factor of w and 11.
11
Let w(j) = j - 28. Let b be w(12). Let g(q) = -q**2 - 16*q + 11. Let r be g(b). Calculate the highest common factor of 88 and r.
11
Let q(r) = r**3 + 4*r**2 - 19*r + 3. Suppose -5*g = 36 - 6. Let j be q(g). Calculate the highest common divisor of j and 18.
9
Let x = 773 + 55. What is the highest common divisor of x and 108?
36
Let